e units digit of b?
7
Suppose 7*q = 21 + 70. Let b(y) = -9 - 15*y - 5*y + 3*y - y**2 - q. What is the units digit of b(-13)?
0
Let h be 245/(-25) + 1/(-5). What is the units digit of (-150)/(-22) + h/(-55)?
7
Suppose -10475 + 3065 = -5*y. What is the units digit of y?
2
Suppose 3*b - 8729 - 385 = 0. What is the tens digit of b?
3
Let m(x) = -x - 1. Let t be m(-4). Suppose g + 4*z + z = 107, -t*g - 5*z + 271 = 0. What is the units digit of g?
2
Let j = 8 + -22. Let t be j/(-4)*4/1. Let k = t - 12. What is the units digit of k?
2
Suppose 0*r = -5*r + 45. Suppose -5*j + r = -6. Suppose 171 = -j*q + 6*q. What is the units digit of q?
7
Suppose -11 = -2*i - h + 10, 24 = 2*i + 2*h. Suppose 0 = -3*c - i - 3. What is the units digit of (-1)/(c/(0 - -176))?
4
Let u(r) = -r**3 - 13*r**2 - 19*r + 28. What is the units digit of u(-15)?
3
Let i = 7 + -4. Suppose -2*f = -i*f + 3. Suppose m - 63 = -2*m + f*v, -m + 36 = 2*v. What is the tens digit of m?
2
Let o(m) = 535*m + 122. What is the tens digit of o(2)?
9
Let y be 10 - 0*(-3)/6. Suppose -h - 4*h + y = 0. Suppose 3*b = -5*j + 7, h*j - 3*j + 3*b + 5 = 0. What is the units digit of j?
2
Suppose -2*n + 652 = 578. What is the tens digit of n?
3
Let s = -791 + 1710. What is the hundreds digit of s?
9
Suppose -d = -4, -r + 2*d = 3*d - 2324. What is the thousands digit of r?
2
Let l(d) = 38*d - 5. Let p be (1 - 0) + (1 - 0). What is the units digit of l(p)?
1
Let x = 2267 + 2492. What is the units digit of x?
9
Let s(y) = -304*y - 23. What is the hundreds digit of s(-12)?
6
Let r be ((-6)/(-9))/((-10)/(-45)). Let j be (-22)/(-4) - r/6. Suppose -g + j*g = 12. What is the units digit of g?
3
Let v(k) = 82*k**2 - 23*k + 189. What is the hundreds digit of v(7)?
0
Let c be (-3)/((-27)/(-12) + -3). Suppose -3*a + 5*k + 8 + 8 = 0, -c*a - 2*k + 56 = 0. What is the units digit of a?
2
Suppose -22 - 3 = -3*u + 4*v, -2*v = u - 5. Let j(s) = s**2 - 6*s + 17. What is the tens digit of j(u)?
2
Let h(f) = -5*f + 9. Let y(b) = -10*b + 17. Let c(p) = -7*h(p) + 3*y(p). What is the tens digit of c(9)?
3
Suppose 0 = -3*l + 2*g + 23 + 38, 4*g + 103 = 5*l. Suppose 4*b + p - l = 0, -5*p - 2 = 3*b + 5. Suppose b + 0 = 3*z. What is the units digit of z?
2
Let j(g) = 2*g**2 - 10*g - 2. Let v be j(10). Let p = -43 + v. Suppose -5*y - 5*k + 25 = 0, -3*y + 9*k - 4*k = -p. What is the tens digit of y?
1
Let q = 144 + -222. Let y = 148 + q. What is the tens digit of y?
7
Let l(b) = 42*b**2 + 31*b + 298. What is the thousands digit of l(-10)?
4
Suppose -2*c = -3*c + 12. Let g be (2 - 28/c)*-9. Suppose g*a - 26 = -k + 5*a, -38 = -2*k - 3*a. What is the units digit of k?
2
Let o(i) = 2 - 11*i - 10 + 0 - i**2. Suppose 2*j - 6*j - 24 = 0. What is the tens digit of o(j)?
2
Let o be (12/(-15))/(4/(-10)). Suppose 0 = -l + o - 10. What is the units digit of 2/l - (-202)/8?
5
What is the tens digit of (-7 - 68/(-8))*524?
8
Suppose 2*i = 1 - 5, -2*n = -3*i - 36. Let o = n + -14. Suppose j - 10 = o. What is the tens digit of j?
1
Suppose 0*g + k + 6581 = 5*g, -2*g + 2618 = -4*k. What is the thousands digit of g?
1
Suppose s + 354 = 4*o, -4*o + 3*s - 166 + 516 = 0. Let y = -124 + o. Let k = 59 + y. What is the units digit of k?
4
Suppose -2*g - 4*t - 28 = 0, -2*t = -3*g + 1 - 3. What is the units digit of ((-170)/g)/((-3)/(-6))?
5
Suppose 12*q + 148 = 16*q. Suppose -p = -3*h + 2*h - q, -83 = -2*p + 5*h. What is the units digit of p?
4
Suppose 0 = 6*p + 4*p - 1650. Let r = p - 143. What is the tens digit of r?
2
Let k(z) = 2*z**2 + 17*z + 1. Let s be k(-9). Suppose -74 = -r + s. What is the units digit of r?
4
Suppose -g = j - 613 + 71, -4*g + 2172 = 5*j. What is the units digit of g?
8
Suppose 927 = 2*y + 28*t - 31*t, 0 = 2*y + 2*t - 932. What is the tens digit of y?
6
Let o(h) = 6*h + 22. Let b(t) = -7*t - 22. Let f(q) = -3*b(q) - 4*o(q). What is the tens digit of f(-16)?
2
What is the tens digit of 6 - ((-2)/10 - 129207/65)?
9
Suppose x - 4 + 1 = 0. Suppose -x*y + 8 = f - 0*y, 4*f = -4*y + 16. Suppose -5*l + 160 = -4*u, f*u = -3*l + 4*u + 94. What is the tens digit of l?
2
What is the units digit of 3*3/9*(-182)/(-13)?
4
Suppose -274 = 22*a - 23*a. What is the tens digit of a?
7
Let k be 9*(-2 - -1)*9. Let c = -50 - k. What is the units digit of c?
1
Let b = -1 + 5. Let o = -4 - -7. Suppose -7 = o*l - b*l. What is the units digit of l?
7
What is the units digit of (15/(-9) - -2) + 814198/357?
1
Let x = 622 + -16. What is the units digit of x?
6
Suppose 5*m - 55 = -x, m + 121 = 3*x + 5*m. Suppose -2*i - 28 = -4*p, i = 5*i + 3*p + 67. Let k = i + x. What is the units digit of k?
9
Let x be (-35301)/(-35) - 6 - 4/(-10). What is the tens digit of 0 - (x/(-7) + (-6)/(-21))?
4
Suppose 6609 = 3*a + 1728. What is the thousands digit of a?
1
Suppose -45*s + 47*s - 16 = 0. Suppose 0 = a - s - 46. What is the tens digit of a?
5
Suppose 0 = 2*s + 5*r - 1126, 4*r + 1240 = 2*s + 132. What is the tens digit of s?
5
Let c = -7 - -5. What is the units digit of ((-1)/c)/((-4)/292)*-2?
3
Let p be 40/3 + ((-30)/9)/(-5). Suppose -p*n = -19*n + 545. What is the hundreds digit of n?
1
Let o(z) = z**3 + 9*z**2 - 3*z + 13. Let w = -7 - 2. What is the units digit of o(w)?
0
Let d be 3224/6*(-6)/(-4) + 4. Suppose 2*k + 4*k = d. What is the hundreds digit of k?
1
Suppose -4*g - 28 = -2*d, 5*d - 8 = -4*g + 6. What is the units digit of (-3 + -26)/((-2)/d)?
7
Suppose b = -51 + 73. Suppose -b*z + 24*z - 248 = 0. What is the tens digit of z?
2
Let w = -145 + 136. What is the units digit of (0 - -27) + 4 + 54/w?
5
Let l(j) = 3*j + 4. Let v be l(0). Suppose 3*d + 10 = -4*o, 2*d = -5*o + o - 12. Suppose -g = d*n - 21, v*g - 4*n - 24 = -0*n. What is the tens digit of g?
1
Let b(i) be the third derivative of -5*i**4/24 - 8*i**3/3 + 9*i**2. Let p be b(-7). What is the tens digit of p + 0 + (-1 - -2)?
2
Let u(i) = i + 3. Let m be u(-10). Let a = -2 - -30. Let t = a + m. What is the tens digit of t?
2
Let k(p) be the second derivative of 2*p**3 + p**2/2 - p. Suppose 0 = y - 2*y + 5*q + 26, 0 = 4*y - 4*q - 24. What is the tens digit of k(y)?
1
Let a = -225 - -147. Let y(g) = 7*g**3 + 3*g**2 + 5*g + 3. Let l be y(-2). Let t = l - a. What is the tens digit of t?
2
Let p = 99 + -66. What is the tens digit of p/(-6)*84/(-7)?
6
Suppose 2*n = 6 + 14. Suppose -5*s = -35 + n. Suppose s*w + 58 = 2*l + 3*w, 4*w + 4 = 0. What is the units digit of l?
8
Let n(v) = -90*v + 39. What is the units digit of n(-3)?
9
Let y be 0 + -2 + -4 + 7. Let j(u) = 1. Let c(q) = -q**2 - 7*q - 7. Let k(x) = y*c(x) + 4*j(x). What is the units digit of k(-4)?
9
Let o be 4/(-6)*33/44*-8. Suppose -5*x = -20, 2*v = o*x - 0*x + 388. What is the tens digit of v?
0
Let k = -634 + 1085. What is the hundreds digit of k?
4
Let c = 39 - -38. Suppose 4*z - 106 - 178 = 4*i, -c = -z - 2*i. What is the units digit of z?
3
Let b be 0*(1 + 4)/(-10). Suppose 2*h - 2*w = -5*w + 14, b = -4*h - 5*w + 28. What is the units digit of h?
7
Suppose 0 = 2*p - 134 + 16. Let v = 72 - p. What is the units digit of v?
3
Suppose 2*j - 3*i = 36, -52 = -2*j - 3*j - 2*i. Let l(d) = d**3 - 4*d**2 + d. Let a be l(3). Let r = a + j. What is the units digit of r?
6
Let n be -2*(4 - 44/8). Suppose -n*i - 267 = -5*l + i, -i + 252 = 5*l. What is the units digit of l?
1
Let o(b) = 0*b - 5 - 7*b + 13 - 51. What is the tens digit of o(-13)?
4
Suppose -4*q - 2 = -3*q - 3*z, -4*q + 2*z = -12. Suppose 0 = 5*y + 5, 3*y - 110 - 455 = -q*a. What is the tens digit of a?
4
Let r be ((-6)/(-18))/((-3)/9). Let s(l) = 21*l**2 + l + 1. What is the tens digit of s(r)?
2
Let a = -247 - -464. What is the units digit of a?
7
Suppose -g - 2 + 4 = 0, 3*t = -3*g - 36. Let o = -7 - t. Let j(b) = b**3 - 6*b**2 - 6*b + 8. What is the units digit of j(o)?
5
Let b = 261 + 28. Suppose 461 = 6*l - b. What is the hundreds digit of l?
1
Suppose 11314 = 5*i + 3*y + 583, i - 2139 = 3*y. What is the units digit of i?
5
Let i = 7 + -5. Suppose 4*f + 2*u - 8 = -i*u, 3*u + 18 = f. What is the tens digit of (-3)/(-3 + f)*-23?
2
Let s = -17 + 22. Suppose -3*n - 86 = -s*k, -2*k - 4 + 30 = -4*n. What is the units digit of k?
9
Suppose 14172 = 14*n - 1242. What is the tens digit of n?
0
Let j = 12 - 8. Let c be (-8)/j*-2*1. What is the tens digit of (-1)/2 - (-94)/c?
2
Let d(x) = x**2 + x + 42. Let i